ulate the highest common divisor of 2955 and 45.
15
Calculate the greatest common factor of 88 and 7.
1
Calculate the greatest common divisor of 156 and 429.
39
Calculate the highest common factor of 39 and 24.
3
What is the highest common factor of 5139 and 18?
9
Calculate the highest common factor of 6 and 81.
3
What is the highest common factor of 30 and 1920?
30
What is the highest common factor of 5244 and 3648?
228
What is the greatest common divisor of 140 and 1840?
20
Calculate the greatest common factor of 10 and 57710.
10
What is the greatest common factor of 91 and 3913?
91
Calculate the highest common divisor of 2820 and 3666.
282
What is the greatest common divisor of 110 and 8?
2
What is the greatest common divisor of 27 and 9?
9
What is the highest common divisor of 50 and 20?
10
What is the highest common divisor of 38 and 6?
2
Calculate the highest common divisor of 128 and 320.
64
What is the greatest common factor of 11 and 187?
11
What is the greatest common divisor of 86 and 38657?
43
What is the highest common factor of 66 and 1089?
33
What is the highest common factor of 40 and 632?
8
Calculate the highest common factor of 11 and 11.
11
What is the highest common divisor of 1500 and 885?
15
Calculate the greatest common divisor of 1395 and 45.
45
Calculate the highest common factor of 85 and 1445.
85
What is the greatest common factor of 203 and 89929?
203
Calculate the highest common factor of 91 and 3367.
91
Calculate the highest common factor of 183 and 16287.
183
Calculate the highest common factor of 73 and 8249.
73
What is the highest common factor of 767 and 169?
13
What is the greatest common factor of 186 and 31?
31
What is the greatest common divisor of 7 and 39536?
7
What is the highest common factor of 195 and 135?
15
Calculate the highest common divisor of 48 and 27.
3
Calculate the highest common factor of 1548 and 36.
36
Calculate the highest common divisor of 3924 and 109.
109
Calculate the highest common divisor of 25 and 3980.
5
Calculate the greatest common divisor of 2431 and 286.
143
Calculate the highest common divisor of 11370 and 45.
15
Calculate the greatest common factor of 1095 and 15.
15
Calculate the greatest common factor of 138 and 114.
6
What is the greatest common factor of 60 and 380?
20
Calculate the highest common factor of 17 and 2057.
17
What is the greatest common divisor of 286 and 6?
2
What is the greatest common factor of 60 and 2388?
12
What is the greatest common divisor of 416 and 5122?
26
What is the greatest common factor of 5536 and 346?
346
What is the greatest common divisor of 558 and 1314?
18
Calculate the greatest common factor of 257 and 25957.
257
What is the greatest common factor of 18837 and 13?
13
Calculate the highest common factor of 70 and 3948.
14
What is the highest common divisor of 615 and 45?
15
Calculate the highest common factor of 140 and 2835.
35
What is the highest common factor of 63 and 1974?
21
What is the highest common divisor of 176 and 512?
16
Calculate the greatest common divisor of 11 and 847.
11
Calculate the highest common divisor of 1380 and 23.
23
Calculate the greatest common factor of 476 and 1564.
68
What is the greatest common factor of 96 and 9984?
96
What is the highest common factor of 78 and 1248?
78
What is the highest common factor of 2 and 4078?
2
What is the greatest common factor of 2868 and 348?
12
What is the greatest common divisor of 376 and 32?
8
Calculate the greatest common divisor of 3 and 573.
3
What is the greatest common divisor of 2412 and 36?
36
Calculate the highest common factor of 22 and 5.
1
Calculate the greatest common divisor of 1557 and 18.
9
What is the highest common factor of 3298 and 2134?
194
What is the highest common divisor of 5912 and 8?
8
Calculate the highest common factor of 854 and 56.
14
Calculate the highest common factor of 6 and 1154.
2
What is the highest common divisor of 22 and 11?
11
What is the highest common factor of 1400 and 896?
56
Calculate the highest common factor of 3 and 25.
1
Calculate the highest common divisor of 2479 and 134.
67
Calculate the greatest common divisor of 46 and 10.
2
What is the highest common divisor of 5 and 5240?
5
What is the greatest common divisor of 19 and 9120?
19
Calculate the highest common factor of 114 and 2033.
19
What is the highest common factor of 3805 and 5?
5
Calculate the highest common factor of 372 and 12.
12
What is the greatest common factor of 66 and 6?
6
What is the greatest common factor of 391 and 3196?
17
What is the greatest common factor of 225 and 603?
9
Calculate the greatest common divisor of 230 and 25.
5
What is the highest common divisor of 70 and 56?
14
What is the highest common divisor of 58 and 24302?
58
What is the highest common divisor of 60 and 220?
20
What is the highest common divisor of 600 and 56?
8
Calculate the highest common factor of 3315 and 25.
5
What is the greatest common factor of 533 and 41?
41
Calculate the greatest common factor of 15 and 3510.
15
Calculate the highest common factor of 60 and 636.
12
Calculate the highest common factor of 48 and 2048.
16
What is the highest common divisor of 288 and 40?
8
What is the greatest common divisor of 7 and 469?
7
What is the greatest common factor of 182 and 52?
26
What is the highest common divisor of 288 and 360?
72
What is the greatest common factor of 436 and 4251?
109
What is the greatest common factor of 16 and 1712?
16
What is the greatest common factor of 1357 and 23?
23
Calculate the highest common divisor of 96 and 108.
12
What is the highest common divisor of 14715 and 60?
15
What is the greatest common factor of 24 and 1164?
12
What is the highest common factor of 174 and 24?
6
What is the greatest common divisor of 84 and 1204?
28
Calculate the greatest common divisor of 104 and 9412.
52
Calculate the greatest common divisor of 4028 and 836.
76
What is the highest common divisor of 324 and 54?
54
What is the greatest common divisor of 4 and 160?
4
Calculate the highest common factor of 21785 and 5.
5
What is the greatest common factor of 475 and 760?
95
Calculate the highest common factor of 132 and 60.
12
Calculate the greatest common factor of 464 and 18.
2
Calculate the greatest common divisor of 378 and 28.
14
What is the greatest common divisor of 132 and 44?
44
Calculate the greatest common factor of 448 and 168.
56
What is the greatest common factor of 221 and 272?
17
Calculate the greatest common divisor of 38 and 342.
38
What is the greatest common factor of 13075 and 100?
25
Calculate the highest common factor of 12749 and 183.
61
Calculate the highest common divisor of 255 and 135.
15
Calculate the greatest common factor of 24 and 1368.
24
What is the highest common divisor of 104 and 442?
26
What is the highest common factor of 90 and 525?
15
Calculate the greatest common divisor of 3 and 2571.
3
Calculate the greatest common divisor of 6336 and 693.
99
Calculate the highest common divisor of 2760 and 360.
120
What is the highest common factor of 99 and 36?
9
What is the highest common divisor of 267 and 4361?
89
What is the highest common divisor of 180 and 49050?
90
What is the greatest common divisor of 108 and 324?
108
Calculate the highest common factor of 54 and 45.
9
What is the greatest common divisor of 616 and 112?
56
What is the greatest common divisor of 36 and 612?
36
Calculate the highest common factor of 116 and 319.
29
Calculate the highest common divisor of 20 and 4860.
20
What is the highest common factor of 465 and 1209?
93
Calculate the highest common factor of 1220 and 120.
20
Calculate the greatest common divisor of 981 and 9.
9
What is the greatest common divisor of 144 and 240?
48
Calculate the greatest common factor of 88 and 99.
11
What is the highest common divisor of 11560 and 80?
40
Calculate the greatest common factor of 61 and 61.
61
What is the highest common factor of 160 and 200?
40
What is the highest common factor of 5220 and 900?
180
What is the greatest common factor of 201 and 9?
3
What is the greatest common factor of 45 and 261?
9
What is the greatest common factor of 3619 and 231?
77
Calculate the greatest common divisor of 225 and 135.
45
What is the greatest common factor of 15442